{"id":50,"date":"2022-01-28T23:09:48","date_gmt":"2022-01-28T23:09:48","guid":{"rendered":"https:\/\/hanshelgesenskolen.org\/hhs\/?page_id=50"},"modified":"2025-02-24T12:11:17","modified_gmt":"2025-02-24T11:11:17","slug":"til-foraeldre","status":"publish","type":"page","link":"https:\/\/hanshelgesenskolen.org\/index.php\/til-foraeldre\/","title":{"rendered":"Til for\u00e6ldre"},"content":{"rendered":"<p>[et_pb_section fb_built=&#8221;1&#8243; _builder_version=&#8221;4.17.4&#8243; _module_preset=&#8221;default&#8221; global_colors_info=&#8221;{}&#8221;][et_pb_row column_structure=&#8221;3_5,2_5&#8243; _builder_version=&#8221;4.17.4&#8243; _module_preset=&#8221;default&#8221; global_colors_info=&#8221;{}&#8221;][et_pb_column type=&#8221;3_5&#8243; _builder_version=&#8221;4.17.4&#8243; _module_preset=&#8221;default&#8221; global_colors_info=&#8221;{}&#8221;][et_pb_text _builder_version=&#8221;4.17.4&#8243; _module_preset=&#8221;default&#8221; global_colors_info=&#8221;{}&#8221;]<\/p>\n<p>Et godt samarbejde mellem skole og hjem er en vigtig foruds\u00e6tning for, at vores b\u00f8rn f\u00e5r en god skolegang. En anden vigtig foruds\u00e6tning er, at vi hver is\u00e6r bakker op om vores b\u00f8rn og deres dagligdag i skolen. Skolen og samarbejdsr\u00e5det vil derfor gerne s\u00e6tte fokus p\u00e5 en r\u00e6kke forhold, vi som for\u00e6ldre er ansvarlige for i forbindelse med vores b\u00f8rns skolegang.<\/p>\n<ul>\n<li>At I viser interesse for barnets skolehverdag<\/li>\n<li>At I henvender jer til skolen, hvis der er en vigtig oplysning om barnet<\/li>\n<li>At I holder jer orienteret om skolens undervisning og m\u00f8der op, n\u00e5r skolen kalder<\/li>\n<li>At barnet m\u00f8der udhvilet og m\u00e6t i skolen<\/li>\n<li>At barnet medbringer en god madpakke<\/li>\n<li>At barnet m\u00f8der i skolen med fornuftig p\u00e5kl\u00e6dning og en pakket skoletaske<\/li>\n<li>At barnet kommer sikkert i skolen og til tiden<\/li>\n<li>At I snakker med barnet om skoledagen i dag og i morgen, is\u00e6r aftaler med kamerater skal v\u00e6re aftalt inden skolen starter<\/li>\n<li>Skolen underviser p\u00e5 nogle fagomr\u00e5der der ikke er fagrelateret, eksempelvis f\u00e6rdsel eller seksualitet, det er dog ogs\u00e5 hjemmets opgave at dr\u00f8fte disse emner med barnet.<\/li>\n<li>P\u00e5 skolen skal alle udfordres, s\u00e5 de bliver s\u00e5 dygtige som muligt. Vi har h\u00f8je forventninger til alle elever. Derfor er det n\u00f8dvendigt, at alle elever deltager aktivt i arbejdet. Derfor forventer skolen, at ferier i st\u00f8rst muligt omfang placeres i skolens ferier, og enhver anden fritagelse fra skolearbejdet skal v\u00e6re godt begrundet for at den kan godkendes.<\/li>\n<\/ul>\n<p>Hvis man som for\u00e6ldre bakker op om ovenst\u00e5ende punkter, medvirker det til at skabe gode rammer for b\u00f8rnenes indl\u00e6ring, og det g\u00f8r dagligdagen bedre for alle parte<\/p>\n<p>[\/et_pb_text][\/et_pb_column][et_pb_column type=&#8221;2_5&#8243; _builder_version=&#8221;4.17.4&#8243; _module_preset=&#8221;default&#8221; global_colors_info=&#8221;{}&#8221;][et_pb_image src=&#8221;https:\/\/hanshelgesenskolen.org\/hhs\/wp-content\/uploads\/2022\/05\/228FC28E-826C-4E76-9E9E-5E5A98EF65E5-compress.jpeg&#8221; title_text=&#8221;Skolen fejrer f\u00f8dselsdag&#8221; _builder_version=&#8221;4.17.4&#8243; _module_preset=&#8221;default&#8221; global_colors_info=&#8221;{}&#8221;][\/et_pb_image][et_pb_text _builder_version=&#8221;4.27.4&#8243; _module_preset=&#8221;default&#8221; hover_enabled=&#8221;0&#8243; sticky_enabled=&#8221;0&#8243;]<\/p>\n<h1>Skolens \u00e5bningstid<\/h1>\n<p>Skolen \u00e5bner 07:25.<\/p>\n<p>Elever der kommer med bussen, f\u00e5r adgang til skolen n\u00e5r bussen ankommer.<\/p>\n<p>Eleverne har op til 6 lektioner, alt efter \u00e5rgang.<\/p>\n<p>1. lektion 07:45-08:30<\/p>\n<p>2. lektion 08:30-09:15<\/p>\n<p>3. lektion 09:40-10:25<\/p>\n<p>4. lektion 10:25-11:10<\/p>\n<p>5. lektion 11:25-12:10<\/p>\n<p>6. lektion 12:15-13:00<\/p>\n<h3>Skolefritidsordningen<\/h3>\n<p>\u00c5ben fra sidste time frem til 15:45<\/p>\n<p>Feriepasning 07:30 &#8211; 15:30<\/p>\n<p>[\/et_pb_text][\/et_pb_column][\/et_pb_row][\/et_pb_section]<\/p>\n","protected":false},"excerpt":{"rendered":"<p>Et godt samarbejde mellem skole og hjem er en vigtig foruds\u00e6tning for, at vores b\u00f8rn f\u00e5r en god skolegang. En anden vigtig foruds\u00e6tning er, at vi hver is\u00e6r bakker op om vores b\u00f8rn og deres dagligdag i skolen. Skolen og samarbejdsr\u00e5det vil derfor gerne s\u00e6tte fokus p\u00e5 en r\u00e6kke forhold, vi som for\u00e6ldre er ansvarlige [&hellip;]<\/p>\n","protected":false},"author":1,"featured_media":0,"parent":0,"menu_order":0,"comment_status":"closed","ping_status":"closed","template":"","meta":{"_et_pb_use_builder":"on","_et_pb_old_content":"<!-- wp:divi\/placeholder \/-->","_et_gb_content_width":"","footnotes":""},"class_list":["post-50","page","type-page","status-publish","hentry"],"publishpress_future_action":{"enabled":false,"date":"2026-05-08 03:18:36","action":"change-status","newStatus":"draft","terms":[],"taxonomy":"","extraData":[]},"publishpress_future_workflow_manual_trigger":{"enabledWorkflows":[]},"_links":{"self":[{"href":"https:\/\/hanshelgesenskolen.org\/index.php\/wp-json\/wp\/v2\/pages\/50","targetHints":{"allow":["GET"]}}],"collection":[{"href":"https:\/\/hanshelgesenskolen.org\/index.php\/wp-json\/wp\/v2\/pages"}],"about":[{"href":"https:\/\/hanshelgesenskolen.org\/index.php\/wp-json\/wp\/v2\/types\/page"}],"author":[{"embeddable":true,"href":"https:\/\/hanshelgesenskolen.org\/index.php\/wp-json\/wp\/v2\/users\/1"}],"replies":[{"embeddable":true,"href":"https:\/\/hanshelgesenskolen.org\/index.php\/wp-json\/wp\/v2\/comments?post=50"}],"version-history":[{"count":4,"href":"https:\/\/hanshelgesenskolen.org\/index.php\/wp-json\/wp\/v2\/pages\/50\/revisions"}],"predecessor-version":[{"id":1687,"href":"https:\/\/hanshelgesenskolen.org\/index.php\/wp-json\/wp\/v2\/pages\/50\/revisions\/1687"}],"wp:attachment":[{"href":"https:\/\/hanshelgesenskolen.org\/index.php\/wp-json\/wp\/v2\/media?parent=50"}],"curies":[{"name":"wp","href":"https:\/\/api.w.org\/{rel}","templated":true}]}}