{"id":42,"date":"2022-01-28T23:07:30","date_gmt":"2022-01-28T23:07:30","guid":{"rendered":"https:\/\/hanshelgesenskolen.org\/hhs\/?page_id=42"},"modified":"2022-06-20T07:25:16","modified_gmt":"2022-06-20T05:25:16","slug":"skole-hjem-samarbejde","status":"publish","type":"page","link":"https:\/\/hanshelgesenskolen.org\/index.php\/skole-hjem-samarbejde\/","title":{"rendered":"Skole Hjem Samarbejde"},"content":{"rendered":"<p>[et_pb_section fb_built=&#8221;1&#8243; _builder_version=&#8221;4.17.4&#8243; _module_preset=&#8221;default&#8221; global_colors_info=&#8221;{}&#8221;][et_pb_row column_structure=&#8221;3_5,2_5&#8243; _builder_version=&#8221;4.17.4&#8243; _module_preset=&#8221;default&#8221; global_colors_info=&#8221;{}&#8221;][et_pb_column type=&#8221;3_5&#8243; _builder_version=&#8221;4.17.4&#8243; _module_preset=&#8221;default&#8221; global_colors_info=&#8221;{}&#8221;][et_pb_text _builder_version=&#8221;4.17.4&#8243; _module_preset=&#8221;default&#8221; global_colors_info=&#8221;{}&#8221;]<\/p>\n<p><span>Et godt fungerende skole-hjem-samarbejde er et vigtigt element i skolens dagligdag. P\u00e5 Hans Helgesen-Skolen spiller samarbejdet en s\u00e6rlig vigtig rolle, fordi for\u00e6ldrenes underst\u00f8ttelse og positive syn p\u00e5 skolen og p\u00e5 mindretalssproget er afg\u00f8rende for den opfattelse, b\u00f8rnene f\u00e5r af det sprog, de skal l\u00e6re.<\/span><\/p>\n<p><span>Vi er i f\u00e6llesskab med til at l\u00f8fte opgaven idet<\/span><\/p>\n<ul>\n<li><span>Alle tager rettidig kontakt ved udfordringer<\/span><\/li>\n<li><span>Der er regelm\u00e6ssige samtaler mellem skole og hjem<\/span><\/li>\n<li><span>Skolen informerer omkring tiltag der tages<\/span><\/li>\n<li><span>Skolen tilbyder mere end blot &#8220;undervisning i klassen&#8221;<\/span><\/li>\n<li><span>Skolen bakker op omkring mindretals tiltag<\/span><\/li>\n<li><span>Hjemmrt deltager i mindretals og skolearangementer<\/span><\/li>\n<li><span>Hjemmet l\u00e6rer det danske sprog<\/span><\/li>\n<li><span>Hjemmet bakker op om barnet hverdag p\u00e5 skolen<\/span><\/li>\n<\/ul>\n<p>[\/et_pb_text][\/et_pb_column][et_pb_column type=&#8221;2_5&#8243; _builder_version=&#8221;4.17.4&#8243; _module_preset=&#8221;default&#8221; global_colors_info=&#8221;{}&#8221;][et_pb_image src=&#8221;https:\/\/hanshelgesenskolen.org\/hhs\/wp-content\/uploads\/2022\/01\/rr-compress.jpg&#8221; title_text=&#8221;rr&#8221; _builder_version=&#8221;4.17.4&#8243; _module_preset=&#8221;default&#8221; global_colors_info=&#8221;{}&#8221;][\/et_pb_image][\/et_pb_column][\/et_pb_row][\/et_pb_section][et_pb_section fb_built=&#8221;1&#8243; theme_builder_area=&#8221;post_content&#8221; _builder_version=&#8221;4.17.4&#8243; _module_preset=&#8221;default&#8221; custom_margin=&#8221;-72px|||||&#8221;][et_pb_row _builder_version=&#8221;4.17.4&#8243; _module_preset=&#8221;default&#8221; theme_builder_area=&#8221;post_content&#8221; column_structure=&#8221;3_5,2_5&#8243;][et_pb_column _builder_version=&#8221;4.17.4&#8243; _module_preset=&#8221;default&#8221; type=&#8221;3_5&#8243; theme_builder_area=&#8221;post_content&#8221;][et_pb_text _builder_version=&#8221;4.17.4&#8243; _module_preset=&#8221;default&#8221; theme_builder_area=&#8221;post_content&#8221; hover_enabled=&#8221;0&#8243; sticky_enabled=&#8221;0&#8243;]<\/p>\n<p>Vi for\u00e6ldre har besluttet os for dansk sprog og kultur som kulturel identitet i et tysk samfund, da vi valgte skole og b\u00f8rnehave for vores b\u00f8rn. <br \/>Vores b\u00f8rn skal have en god uddannelse p\u00e5 Hans Helgesen-Skolen og blive udadvendt mod den store verden, kunne arbejde i team, blive opdraget til sociale kompetencer, f\u00f8le sig trygge og bibeholde gl\u00e6den ved at l\u00e6re. <br \/>Egentlig \u00f8nsker vi jo alle den skole vi selv gerne ville v\u00e6re g\u00e5et p\u00e5. <br \/>Dette er mange \u00f8nsker l\u00e6rerne arbejder for hver dag, men de har ogs\u00e5 vores fulde tillid og underst\u00f8ttelse for at kunne opfylde dem. <br \/>Vi som for\u00e6ldre er da ogs\u00e5 forpligtet til at leve op til det vi forventer af skolen: <br \/>Den gode opdragelse i hjemmet, samarbejdet med l\u00e6rerne og i samarbejdsr\u00e5det og samarbejdet med de andre for\u00e6ldre omkring skolehverdagen er de vigtige byggesten. Vi formidler b\u00f8rnene et positivt forhold til skolen, til dansk kultur og vi g\u00f8r os alle umage med at bruge eller at l\u00e6re det danske sprog.<\/p>\n<p>For\u00e6ldrekredsen har en tradition for at bidrage med en s\u00e6rlig kvalitet i skolehverdagen. Vi arbejder med i udvalg, deltager i valg af kontaktfor\u00e6ldre, f\u00e6llesr\u00e5dsmedlemmer og samarbejdsr\u00e5dsm\u00f8der og m\u00f8der op til for\u00e6ldreaftener. <br \/>N\u00e5r der er brug for hj\u00e6lp, hj\u00e6lper vi gerne. <br \/>Vedtaget af Samarbejdsr\u00e5det<\/p>\n<p>[\/et_pb_text][\/et_pb_column][et_pb_column _builder_version=&#8221;4.17.4&#8243; _module_preset=&#8221;default&#8221; type=&#8221;2_5&#8243; theme_builder_area=&#8221;post_content&#8221;][et_pb_image src=&#8221;https:\/\/hanshelgesenskolen.org\/hhs\/wp-content\/uploads\/2022\/06\/Raadhus-scaled.jpg&#8221; _builder_version=&#8221;4.17.4&#8243; _module_preset=&#8221;default&#8221; theme_builder_area=&#8221;post_content&#8221; title_text=&#8221;R\u00e5dhus&#8221; hover_enabled=&#8221;0&#8243; sticky_enabled=&#8221;0&#8243;][\/et_pb_image][\/et_pb_column][\/et_pb_row][\/et_pb_section]<\/p>\n","protected":false},"excerpt":{"rendered":"<p>Et godt fungerende skole-hjem-samarbejde er et vigtigt element i skolens dagligdag. P\u00e5 Hans Helgesen-Skolen spiller samarbejdet en s\u00e6rlig vigtig rolle, fordi for\u00e6ldrenes underst\u00f8ttelse og positive syn p\u00e5 skolen og p\u00e5 mindretalssproget er afg\u00f8rende for den opfattelse, b\u00f8rnene f\u00e5r af det sprog, de skal l\u00e6re. Vi er i f\u00e6llesskab med til at l\u00f8fte opgaven idet Alle [&hellip;]<\/p>\n","protected":false},"author":1,"featured_media":0,"parent":0,"menu_order":0,"comment_status":"closed","ping_status":"closed","template":"","meta":{"_et_pb_use_builder":"on","_et_pb_old_content":"<!-- wp:divi\/placeholder \/-->","_et_gb_content_width":"","footnotes":""},"class_list":["post-42","page","type-page","status-publish","hentry"],"publishpress_future_action":{"enabled":false,"date":"2026-04-23 05:27:19","action":"change-status","newStatus":"draft","terms":[],"taxonomy":"","extraData":[]},"publishpress_future_workflow_manual_trigger":{"enabledWorkflows":[]},"_links":{"self":[{"href":"https:\/\/hanshelgesenskolen.org\/index.php\/wp-json\/wp\/v2\/pages\/42","targetHints":{"allow":["GET"]}}],"collection":[{"href":"https:\/\/hanshelgesenskolen.org\/index.php\/wp-json\/wp\/v2\/pages"}],"about":[{"href":"https:\/\/hanshelgesenskolen.org\/index.php\/wp-json\/wp\/v2\/types\/page"}],"author":[{"embeddable":true,"href":"https:\/\/hanshelgesenskolen.org\/index.php\/wp-json\/wp\/v2\/users\/1"}],"replies":[{"embeddable":true,"href":"https:\/\/hanshelgesenskolen.org\/index.php\/wp-json\/wp\/v2\/comments?post=42"}],"version-history":[{"count":4,"href":"https:\/\/hanshelgesenskolen.org\/index.php\/wp-json\/wp\/v2\/pages\/42\/revisions"}],"predecessor-version":[{"id":730,"href":"https:\/\/hanshelgesenskolen.org\/index.php\/wp-json\/wp\/v2\/pages\/42\/revisions\/730"}],"wp:attachment":[{"href":"https:\/\/hanshelgesenskolen.org\/index.php\/wp-json\/wp\/v2\/media?parent=42"}],"curies":[{"name":"wp","href":"https:\/\/api.w.org\/{rel}","templated":true}]}}