{"id":1796,"date":"2025-06-19T09:28:35","date_gmt":"2025-06-19T07:28:35","guid":{"rendered":"https:\/\/hanshelgesenskolen.org\/?page_id=1796"},"modified":"2025-06-19T09:28:35","modified_gmt":"2025-06-19T07:28:35","slug":"madpolitik","status":"publish","type":"page","link":"https:\/\/hanshelgesenskolen.org\/index.php\/madpolitik\/","title":{"rendered":"Madpolitik"},"content":{"rendered":"<p>[et_pb_section fb_built=&#8221;1&#8243; theme_builder_area=&#8221;post_content&#8221; _builder_version=&#8221;4.27.4&#8243; _module_preset=&#8221;default&#8221;][et_pb_row _builder_version=&#8221;4.27.4&#8243; _module_preset=&#8221;default&#8221; theme_builder_area=&#8221;post_content&#8221; column_structure=&#8221;3_4,1_4&#8243;][et_pb_column _builder_version=&#8221;4.27.4&#8243; _module_preset=&#8221;default&#8221; type=&#8221;3_4&#8243; theme_builder_area=&#8221;post_content&#8221;][et_pb_text _builder_version=&#8221;4.27.4&#8243; _module_preset=&#8221;default&#8221; theme_builder_area=&#8221;post_content&#8221; hover_enabled=&#8221;0&#8243; sticky_enabled=&#8221;0&#8243;]<\/p>\n<p>Madpolitik<\/p>\n<p><strong>Form\u00e5l:<\/strong><\/p>\n<p>Vores madpolitik sigter mod at fremme sundhed, trivsel og l\u00e6ring blandt vores elever ved at tilbyde n\u00e6ringsrig og velsmagende mad i skolen. Vi \u00f8nsker at skabe en positiv og oplysende tilgang til kost, der styrker elevernes fysiske og mentale velbefindende.<\/p>\n<p>Retningslinjer for Sund Mad:<\/p>\n<p><strong>Sund kost:<\/strong><\/p>\n<p>Vi opfordrer til, at elevernes madpakker og snacks indeholder en varieret og afbalanceret kost med fokus p\u00e5 frugt, gr\u00f8ntsager, fuldkorn, magert protein, sunde fedtstoffer og vand som drikkelse.<\/p>\n<p>\u00a0<strong>Opdragelse og Vejledning:<\/strong><\/p>\n<p>For\u00e6ldrene f\u00e5r i indskolingsklassen en bog om sund kost, som for\u00e6ldrene gerne skal anvende i forbindelse med maden til deres b\u00f8rn.<\/p>\n<p>Skolen vil i samarbejde med sundhedstjenesten tilbyde vejledning til eleverne.<\/p>\n<p>Gennem frugtordningen, skolehave og emnedage skabes en p\u00e6dagogisk tilgang til emnet.<\/p>\n<p>\u00a0<strong>Vi vil undg\u00e5 forbud:<\/strong><\/p>\n<p>Vi anerkender, at elever og for\u00e6ldre har forskellige pr\u00e6ferencer og kulturelle baggrunde, n\u00e5r det kommer til kost.<\/p>\n<p>Vi vil ikke have en forbydende rolle som skole, men med baggrund i elevernes hverdag er det vigtigt at pointere, at sukkerholdige l\u00e6skedrikke, energy-drikke og m\u00e6lkerundstykker ikke er velegnet til at skabe et godt l\u00e6ringsudbytte. Holdes der fokus p\u00e5 omr\u00e5det \u201dsund kost\u201d s\u00e5 kan man skabe l\u00e6kre madpakker og snacks til b\u00f8rnene. Hvis madkassen regelm\u00e6ssigt ikke overholder reglen om sund mad, vil vi kontakte hjemmet og dr\u00f8fte og afstemme forventninger. Slik og sliklignende mad kan kasseres.<\/p>\n<p>\u00a0<strong>Fokus p\u00e5 L\u00e6ring og Trivsel:<\/strong><\/p>\n<p>Vi tror p\u00e5, at sund kost fremmer elevernes koncentration, indl\u00e6ring og trivsel.<\/p>\n<p>Ved at eleverne har sunde madpakker og snacks i l\u00f8bet af skoledagen h\u00e5ber vi, at eleverne har energi og n\u00e6ring til at opn\u00e5 deres fulde potentiale.<\/p>\n<p>\u00a0<strong>S\u00e6rligt for SFOen<\/strong>: Is\u00e6r SFO-b\u00f8rn har brug for mad med sund energi. Der skal gerne v\u00e6re en ekstra madkasse til spisning i SFOen som opbevares i k\u00f8leskabet.<\/p>\n<p>SFOen tilstr\u00e6ber at tilbyde aktiviteter der bakker op omkring sund kost, der regelm\u00e6ssigt inddrager b\u00f8rnene og giver mulighed for varieret mad.<\/p>\n<p>\u00a0Vedtaget p\u00e5 samarbejdsr\u00e5det 26.03.2024<\/p>\n<p>[\/et_pb_text][\/et_pb_column][et_pb_column _builder_version=&#8221;4.27.4&#8243; _module_preset=&#8221;default&#8221; type=&#8221;1_4&#8243; theme_builder_area=&#8221;post_content&#8221;][et_pb_image src=&#8221;https:\/\/hanshelgesenskolen.org\/hhs\/wp-content\/uploads\/2025\/06\/3-4c2ce6bd-4bff-4e30-a88a-7a63d521a438-512&#215;512.jpg&#8221; _builder_version=&#8221;4.27.4&#8243; _module_preset=&#8221;default&#8221; theme_builder_area=&#8221;post_content&#8221; hover_enabled=&#8221;0&#8243; sticky_enabled=&#8221;0&#8243;][\/et_pb_image][\/et_pb_column][\/et_pb_row][\/et_pb_section]<\/p>\n","protected":false},"excerpt":{"rendered":"<p>Madpolitik Form\u00e5l: Vores madpolitik sigter mod at fremme sundhed, trivsel og l\u00e6ring blandt vores elever ved at tilbyde n\u00e6ringsrig og velsmagende mad i skolen. Vi \u00f8nsker at skabe en positiv og oplysende tilgang til kost, der styrker elevernes fysiske og mentale velbefindende. Retningslinjer for Sund Mad: Sund kost: Vi opfordrer til, at elevernes madpakker og [&hellip;]<\/p>\n","protected":false},"author":2,"featured_media":0,"parent":0,"menu_order":0,"comment_status":"closed","ping_status":"closed","template":"","meta":{"_et_pb_use_builder":"on","_et_pb_old_content":"","_et_gb_content_width":"","footnotes":""},"class_list":["post-1796","page","type-page","status-publish","hentry"],"publishpress_future_action":{"enabled":false,"date":"2026-04-25 18:32:01","action":"change-status","newStatus":"draft","terms":[],"taxonomy":"","extraData":[]},"publishpress_future_workflow_manual_trigger":{"enabledWorkflows":[]},"_links":{"self":[{"href":"https:\/\/hanshelgesenskolen.org\/index.php\/wp-json\/wp\/v2\/pages\/1796","targetHints":{"allow":["GET"]}}],"collection":[{"href":"https:\/\/hanshelgesenskolen.org\/index.php\/wp-json\/wp\/v2\/pages"}],"about":[{"href":"https:\/\/hanshelgesenskolen.org\/index.php\/wp-json\/wp\/v2\/types\/page"}],"author":[{"embeddable":true,"href":"https:\/\/hanshelgesenskolen.org\/index.php\/wp-json\/wp\/v2\/users\/2"}],"replies":[{"embeddable":true,"href":"https:\/\/hanshelgesenskolen.org\/index.php\/wp-json\/wp\/v2\/comments?post=1796"}],"version-history":[{"count":2,"href":"https:\/\/hanshelgesenskolen.org\/index.php\/wp-json\/wp\/v2\/pages\/1796\/revisions"}],"predecessor-version":[{"id":1800,"href":"https:\/\/hanshelgesenskolen.org\/index.php\/wp-json\/wp\/v2\/pages\/1796\/revisions\/1800"}],"wp:attachment":[{"href":"https:\/\/hanshelgesenskolen.org\/index.php\/wp-json\/wp\/v2\/media?parent=1796"}],"curies":[{"name":"wp","href":"https:\/\/api.w.org\/{rel}","templated":true}]}}